{"id":55,"date":"2016-07-11T14:19:22","date_gmt":"2016-07-11T14:19:22","guid":{"rendered":"http:\/\/www.versicherung-ms.de\/?page_id=55"},"modified":"2016-07-11T14:19:22","modified_gmt":"2016-07-11T14:19:22","slug":"altersvorsorge","status":"publish","type":"page","link":"https:\/\/www.versicherung-ms.de\/?page_id=55","title":{"rendered":"Altersvorsorge"},"content":{"rendered":"<p>Die gesetzliche Rente sinkt und ob Sie davon Ihre Existenz im Alter sichern k\u00f6nnen, ist ungewiss. Als Angestellter erhalten Sie einen immer geringeren Teil Ihres letzten Nettolohns als Rente ausgezahlt.<\/p>\n<p>Selbstst\u00e4ndige m\u00fcssen ohnehin privat f\u00fcrs Alter vorsorgen. Daher ist es wichtig fr\u00fchzeitig Ma\u00dfnahmen zur Altersvorsorge zu ergreifen.<\/p>\n<p>Dabei eignet sich nicht jede Form der Vorsorge f\u00fcr jeden Menschen, wir beraten Sie gern individuell.<\/p>\n","protected":false},"excerpt":{"rendered":"<p>Die gesetzliche Rente sinkt und ob Sie davon Ihre Existenz im Alter sichern k\u00f6nnen, ist ungewiss. Als Angestellter erhalten Sie einen immer geringeren Teil Ihres letzten Nettolohns als Rente ausgezahlt. Selbstst\u00e4ndige m\u00fcssen ohnehin privat f\u00fcrs Alter vorsorgen. Daher ist es wichtig fr\u00fchzeitig Ma\u00dfnahmen zur Altersvorsorge zu ergreifen. Dabei eignet sich nicht jede Form der Vorsorge [&hellip;]<\/p>\n","protected":false},"author":1,"featured_media":0,"parent":36,"menu_order":0,"comment_status":"closed","ping_status":"closed","template":"","meta":[],"_links":{"self":[{"href":"https:\/\/www.versicherung-ms.de\/index.php?rest_route=\/wp\/v2\/pages\/55"}],"collection":[{"href":"https:\/\/www.versicherung-ms.de\/index.php?rest_route=\/wp\/v2\/pages"}],"about":[{"href":"https:\/\/www.versicherung-ms.de\/index.php?rest_route=\/wp\/v2\/types\/page"}],"author":[{"embeddable":true,"href":"https:\/\/www.versicherung-ms.de\/index.php?rest_route=\/wp\/v2\/users\/1"}],"replies":[{"embeddable":true,"href":"https:\/\/www.versicherung-ms.de\/index.php?rest_route=%2Fwp%2Fv2%2Fcomments&post=55"}],"version-history":[{"count":1,"href":"https:\/\/www.versicherung-ms.de\/index.php?rest_route=\/wp\/v2\/pages\/55\/revisions"}],"predecessor-version":[{"id":56,"href":"https:\/\/www.versicherung-ms.de\/index.php?rest_route=\/wp\/v2\/pages\/55\/revisions\/56"}],"up":[{"embeddable":true,"href":"https:\/\/www.versicherung-ms.de\/index.php?rest_route=\/wp\/v2\/pages\/36"}],"wp:attachment":[{"href":"https:\/\/www.versicherung-ms.de\/index.php?rest_route=%2Fwp%2Fv2%2Fmedia&parent=55"}],"curies":[{"name":"wp","href":"https:\/\/api.w.org\/{rel}","templated":true}]}}